{"id":2,"date":"2018-12-18T15:34:28","date_gmt":"2018-12-18T15:34:28","guid":{"rendered":"http:\/\/versona.ch\/?page_id=2"},"modified":"2019-06-04T06:45:34","modified_gmt":"2019-06-04T06:45:34","slug":"galerie","status":"publish","type":"page","link":"https:\/\/versona.ch\/index.php\/galerie\/","title":{"rendered":"Galerie"},"content":{"rendered":"<section class=\"l-section wpb_row height_medium\"><div class=\"l-section-h i-cf\"><div class=\"g-cols vc_row type_default valign_top\"><div class=\"vc_col-sm-12 wpb_column vc_column_container\"><div class=\"vc_column-inner\"><div class=\"wpb_wrapper\">[vc_custom_heading text=&#8221;<strong>Schallschutz und Verkehrssicherheit<\/strong>&#8221; font_container=&#8221;tag:h1|font_size:5rem|text_align:center|line_height:1.1&#8243; use_theme_fonts=&#8221;yes&#8221;][vc_custom_heading text=&#8221;\u00e4sthetisch. individuell. wirtschaftlich.&#8221; font_container=&#8221;tag:h3|font_size:2.6rem|text_align:center|line_height:1.1&#8243; use_theme_fonts=&#8221;yes&#8221;]<div class=\"w-separator size_medium\"><\/div>\r\n\t<div class=\"wpb_text_column \">\r\n\t\t<div class=\"wpb_wrapper\">\r\n\t\t\t<h2 style=\"text-align: center;\"><strong><span class=\"highlight highlight_primary\">GALERIE<\/span><\/strong><\/h2>\n<p style=\"text-align: center;\">Erhalten Sie einen Einblick Projekte, welche<strong> ver|sona<\/strong>\u00a0im Bereich Schallschutz und Verkehrssicherheit realisert hat. \u00dcberzeugen Sie sich von unseren optisch sch\u00f6nen, \u00f6kologischen und \u00f6konomischen L\u00f6sungen.<\/p>\n\r\n\t\t<\/div>\r\n\t<\/div>\r\n<div class=\"w-separator size_medium\"><\/div><div class=\"w-slider style_none\"><div class=\"w-slider-h\"><div class=\"royalSlider\"><div class=\"rsContent\"><a class=\"rsImg\" data-rsw=\"1920\" data-rsh=\"1279\" href=\"https:\/\/versona.ch\/wp-content\/uploads\/2019\/06\/VER_Schallschutz_Nordring_Drohne_05.jpg\"><span data-alt=\"\"><\/span><\/a><\/div><div class=\"rsContent\"><a class=\"rsImg\" data-rsw=\"1920\" data-rsh=\"1279\" href=\"https:\/\/versona.ch\/wp-content\/uploads\/2019\/06\/VER_Schallschutz_Nordring_Drohne_06.jpg\"><span data-alt=\"\"><\/span><\/a><\/div><div class=\"rsContent\"><a class=\"rsImg\" data-rsw=\"1920\" data-rsh=\"1279\" href=\"https:\/\/versona.ch\/wp-content\/uploads\/2019\/06\/VER_Schallschutz_Nordring_Drohne_08.jpg\"><span data-alt=\"\"><\/span><\/a><\/div><div class=\"rsContent\"><a class=\"rsImg\" data-rsw=\"1920\" data-rsh=\"1279\" href=\"https:\/\/versona.ch\/wp-content\/uploads\/2019\/06\/VER_Schallschutz_Nordring_Drohne_12_beschnitten.jpg\"><span data-alt=\"\"><\/span><\/a><\/div><div class=\"rsContent\"><a class=\"rsImg\" data-rsw=\"1920\" data-rsh=\"1279\" href=\"https:\/\/versona.ch\/wp-content\/uploads\/2019\/06\/VER_Schallschutz_Nordring_Drohne_04.jpg\"><span data-alt=\"\"><\/span><\/a><\/div><div class=\"rsContent\"><a class=\"rsImg\" data-rsw=\"1920\" data-rsh=\"1279\" href=\"https:\/\/versona.ch\/wp-content\/uploads\/2019\/06\/VER_Schallschutz_Nordring_Drohne_03.jpg\"><span data-alt=\"\"><\/span><\/a><\/div><div class=\"rsContent\"><a class=\"rsImg\" data-rsw=\"480\" data-rsh=\"360\" href=\"https:\/\/versona.ch\/wp-content\/uploads\/2019\/01\/IMG_0034.jpg\"><span data-alt=\"\"><\/span><\/a><\/div><div class=\"rsContent\"><a class=\"rsImg\" data-rsw=\"480\" data-rsh=\"360\" href=\"https:\/\/versona.ch\/wp-content\/uploads\/2019\/01\/IMG_0042.jpg\"><span data-alt=\"\"><\/span><\/a><\/div><div class=\"rsContent\"><a class=\"rsImg\" data-rsw=\"2048\" data-rsh=\"1536\" href=\"https:\/\/versona.ch\/wp-content\/uploads\/2019\/01\/LSW-H\u00dcNENBERGSTRASSE-LUZERN-016.jpg\"><span data-alt=\"\"><\/span><\/a><\/div><div class=\"rsContent\"><a class=\"rsImg\" data-rsw=\"4000\" data-rsh=\"3000\" href=\"https:\/\/versona.ch\/wp-content\/uploads\/2019\/01\/ISOVER_Wattwil_3.jpg\"><span data-alt=\"\"><\/span><\/a><\/div><div class=\"rsContent\"><a class=\"rsImg\" data-rsw=\"2048\" data-rsh=\"1536\" href=\"https:\/\/versona.ch\/wp-content\/uploads\/2019\/01\/LSW-H\u00dcNENBERGSTRASSE-LUZERN-005.jpg\"><span data-alt=\"\"><\/span><\/a><\/div><div class=\"rsContent\"><a class=\"rsImg\" data-rsw=\"480\" data-rsh=\"360\" href=\"https:\/\/versona.ch\/wp-content\/uploads\/2019\/01\/IMG_0196.jpg\"><span data-alt=\"\"><\/span><\/a><\/div><div class=\"rsContent\"><a class=\"rsImg\" data-rsw=\"480\" data-rsh=\"360\" href=\"https:\/\/versona.ch\/wp-content\/uploads\/2019\/01\/IMG_0210.jpg\"><span data-alt=\"\"><\/span><\/a><\/div><div class=\"rsContent\"><a class=\"rsImg\" data-rsw=\"1600\" data-rsh=\"1200\" href=\"https:\/\/versona.ch\/wp-content\/uploads\/2019\/01\/IMG-20181006-WA0000.jpg\"><span data-alt=\"\"><\/span><\/a><\/div><div class=\"rsContent\"><a class=\"rsImg\" data-rsw=\"1200\" data-rsh=\"1600\" href=\"https:\/\/versona.ch\/wp-content\/uploads\/2019\/01\/IMG-20181006-WA0003.jpg\"><span data-alt=\"\"><\/span><\/a><\/div><div class=\"rsContent\"><a class=\"rsImg\" data-rsw=\"480\" data-rsh=\"360\" href=\"https:\/\/versona.ch\/wp-content\/uploads\/2019\/01\/Kreisel-Beton.jpg\"><span data-alt=\"\"><\/span><\/a><\/div><div class=\"rsContent\"><a class=\"rsImg\" data-rsw=\"480\" data-rsh=\"360\" href=\"https:\/\/versona.ch\/wp-content\/uploads\/2019\/01\/IMG_0037.jpg\"><span data-alt=\"\"><\/span><\/a><\/div><div class=\"rsContent\"><a class=\"rsImg\" data-rsw=\"2688\" data-rsh=\"1520\" href=\"https:\/\/versona.ch\/wp-content\/uploads\/2019\/01\/IMAG1415.jpg\"><span data-alt=\"\"><\/span><\/a><\/div><div class=\"rsContent\"><a class=\"rsImg\" data-rsw=\"960\" data-rsh=\"720\" href=\"https:\/\/versona.ch\/wp-content\/uploads\/2019\/01\/Holz-Warth.jpg\"><span data-alt=\"\"><\/span><\/a><\/div><div class=\"rsContent\"><a class=\"rsImg\" data-rsw=\"480\" data-rsh=\"360\" href=\"https:\/\/versona.ch\/wp-content\/uploads\/2019\/01\/DSC00021.jpg\"><span data-alt=\"\"><\/span><\/a><\/div><div class=\"rsContent\"><a class=\"rsImg\" data-rsw=\"480\" data-rsh=\"360\" href=\"https:\/\/versona.ch\/wp-content\/uploads\/2019\/01\/DSC00005.jpg\"><span data-alt=\"\"><\/span><\/a><\/div><div class=\"rsContent\"><a class=\"rsImg\" data-rsw=\"480\" data-rsh=\"360\" href=\"https:\/\/versona.ch\/wp-content\/uploads\/2019\/01\/CIMG0206.jpg\"><span data-alt=\"\"><\/span><\/a><\/div><div class=\"rsContent\"><a class=\"rsImg\" data-rsw=\"480\" data-rsh=\"360\" href=\"https:\/\/versona.ch\/wp-content\/uploads\/2019\/01\/CIMG0168-1.jpg\"><span data-alt=\"\"><\/span><\/a><\/div><div class=\"rsContent\"><a class=\"rsImg\" data-rsw=\"480\" data-rsh=\"360\" href=\"https:\/\/versona.ch\/wp-content\/uploads\/2019\/01\/CIMG0167.jpg\"><span data-alt=\"\"><\/span><\/a><\/div><div class=\"rsContent\"><a class=\"rsImg\" data-rsw=\"567\" data-rsh=\"1166\" href=\"https:\/\/versona.ch\/wp-content\/uploads\/2019\/03\/20190215_110320.jpg\"><span data-alt=\"\"><\/span><\/a><\/div><div class=\"rsContent\"><a class=\"rsImg\" data-rsw=\"567\" data-rsh=\"1166\" href=\"https:\/\/versona.ch\/wp-content\/uploads\/2019\/03\/20190215_110340.jpg\"><span data-alt=\"\"><\/span><\/a><\/div><div class=\"rsContent\"><a class=\"rsImg\" data-rsw=\"567\" data-rsh=\"1166\" href=\"https:\/\/versona.ch\/wp-content\/uploads\/2019\/03\/20190215_143214.jpg\"><span data-alt=\"\"><\/span><\/a><\/div><div class=\"rsContent\"><a class=\"rsImg\" data-rsw=\"1920\" data-rsh=\"1440\" href=\"https:\/\/versona.ch\/wp-content\/uploads\/2019\/03\/IMG_20190312_084836-e1552930875644.jpg\"><span data-alt=\"\"><\/span><\/a><\/div><div class=\"rsContent\"><a class=\"rsImg\" data-rsw=\"1920\" data-rsh=\"1440\" href=\"https:\/\/versona.ch\/wp-content\/uploads\/2019\/03\/IMG_20190313_170246-e1552930860844.jpg\"><span data-alt=\"\"><\/span><\/a><\/div><div class=\"rsContent\"><a class=\"rsImg\" data-rsw=\"1920\" data-rsh=\"1440\" href=\"https:\/\/versona.ch\/wp-content\/uploads\/2019\/03\/IMG_20190313_170423-e1552930844147.jpg\"><span data-alt=\"\"><\/span><\/a><\/div><div class=\"rsContent\"><a class=\"rsImg\" data-rsw=\"1920\" data-rsh=\"1440\" href=\"https:\/\/versona.ch\/wp-content\/uploads\/2019\/03\/IMG_20190313_170741-e1552930819780.jpg\"><span data-alt=\"\"><\/span><\/a><\/div><\/div><img decoding=\"async\" src=\"https:\/\/versona.ch\/wp-content\/uploads\/2019\/06\/VER_Schallschutz_Nordring_Drohne_05.jpg\" alt=\"\"><\/div><div class=\"w-slider-json\" onclick='return {&quot;transitionSpeed&quot;:300,&quot;loopRewind&quot;:true,&quot;slidesSpacing&quot;:0,&quot;imageScalePadding&quot;:0,&quot;numImagesToPreload&quot;:2,&quot;arrowsNav&quot;:true,&quot;arrowsNavAutoHide&quot;:true,&quot;transitionType&quot;:&quot;move&quot;,&quot;block&quot;:{&quot;moveEffect&quot;:&quot;none&quot;,&quot;speed&quot;:300},&quot;controlNavigation&quot;:&quot;bullets&quot;,&quot;imageScaleMode&quot;:&quot;fit-if-smaller&quot;,&quot;autoScaleSlider&quot;:true,&quot;autoScaleSliderWidth&quot;:1920,&quot;autoScaleSliderHeight&quot;:1279,&quot;fitInViewport&quot;:false}'><\/div><\/div><\/div><\/div><\/div><div class=\"vc_col-sm-12 wpb_column vc_column_container\"><div class=\"vc_column-inner\"><div class=\"wpb_wrapper\"><\/div><\/div><\/div><\/div><\/div><\/section>\n","protected":false},"excerpt":{"rendered":"[vc_custom_heading text=\"Schallschutz und Verkehrssicherheit\" font_container=\"tag:h1|font_size:5rem|text_align:center|line_height:1.1\" use_theme_fonts=\"yes\"][vc_custom_heading text=\"\u00e4sthetisch. individuell. wirtschaftlich.\" font_container=\"tag:h3|font_size:2.6rem|text_align:center|line_height:1.1\" use_theme_fonts=\"yes\"] GALERIE Erhalten Sie einen Einblick Projekte, welche ver|sona\u00a0im Bereich Schallschutz und Verkehrssicherheit realisert hat. \u00dcberzeugen Sie sich von unseren optisch sch\u00f6nen, \u00f6kologischen und \u00f6konomischen L\u00f6sungen.","protected":false},"author":1,"featured_media":0,"parent":0,"menu_order":0,"comment_status":"closed","ping_status":"open","template":"","meta":{"footnotes":""},"_links":{"self":[{"href":"https:\/\/versona.ch\/index.php\/wp-json\/wp\/v2\/pages\/2"}],"collection":[{"href":"https:\/\/versona.ch\/index.php\/wp-json\/wp\/v2\/pages"}],"about":[{"href":"https:\/\/versona.ch\/index.php\/wp-json\/wp\/v2\/types\/page"}],"author":[{"embeddable":true,"href":"https:\/\/versona.ch\/index.php\/wp-json\/wp\/v2\/users\/1"}],"replies":[{"embeddable":true,"href":"https:\/\/versona.ch\/index.php\/wp-json\/wp\/v2\/comments?post=2"}],"version-history":[{"count":14,"href":"https:\/\/versona.ch\/index.php\/wp-json\/wp\/v2\/pages\/2\/revisions"}],"predecessor-version":[{"id":1258,"href":"https:\/\/versona.ch\/index.php\/wp-json\/wp\/v2\/pages\/2\/revisions\/1258"}],"wp:attachment":[{"href":"https:\/\/versona.ch\/index.php\/wp-json\/wp\/v2\/media?parent=2"}],"curies":[{"name":"wp","href":"https:\/\/api.w.org\/{rel}","templated":true}]}}